ctors of 134500?
2, 5, 269
What are the prime factors of 933?
3, 311
List the prime factors of 14.
2, 7
List the prime factors of 7082.
2, 3541
List the prime factors of 2962.
2, 1481
List the prime factors of 15290.
2, 5, 11, 139
What are the prime factors of 872?
2, 109
What are the prime factors of 10569?
3, 13, 271
List the prime factors of 1894.
2, 947
List the prime factors of 846.
2, 3, 47
What are the prime factors of 88026?
2, 3, 17, 863
List the prime factors of 165.
3, 5, 11
List the prime factors of 12988.
2, 17, 191
List the prime factors of 18946.
2, 9473
List the prime factors of 14356.
2, 37, 97
List the prime factors of 2005.
5, 401
What are the prime factors of 431?
431
What are the prime factors of 47748?
2, 3, 23, 173
List the prime factors of 23619.
3, 7873
List the prime factors of 3216.
2, 3, 67
List the prime factors of 23655.
3, 5, 19, 83
List the prime factors of 6120.
2, 3, 5, 17
List the prime factors of 29.
29
List the prime factors of 2724.
2, 3, 227
What are the prime factors of 2960?
2, 5, 37
What are the prime factors of 114373?
7, 16339
What are the prime factors of 6574?
2, 19, 173
What are the prime factors of 16567?
16567
What are the prime factors of 1598?
2, 17, 47
List the prime factors of 1987.
1987
What are the prime factors of 112148?
2, 23, 53
List the prime factors of 11808.
2, 3, 41
What are the prime factors of 1600?
2, 5
What are the prime factors of 9397?
9397
List the prime factors of 2354.
2, 11, 107
List the prime factors of 25040.
2, 5, 313
What are the prime factors of 3688?
2, 461
List the prime factors of 40800.
2, 3, 5, 17
What are the prime factors of 90607?
11, 8237
What are the prime factors of 83230?
2, 5, 7, 29, 41
What are the prime factors of 266?
2, 7, 19
What are the prime factors of 1253?
7, 179
List the prime factors of 161.
7, 23
What are the prime factors of 7425?
3, 5, 11
What are the prime factors of 2269?
2269
What are the prime factors of 63304?
2, 41, 193
What are the prime factors of 6076?
2, 7, 31
What are the prime factors of 47175?
3, 5, 17, 37
What are the prime factors of 2298?
2, 3, 383
What are the prime factors of 103304?
2, 37, 349
List the prime factors of 3729.
3, 11, 113
What are the prime factors of 1394?
2, 17, 41
What are the prime factors of 5222?
2, 7, 373
List the prime factors of 31542.
2, 3, 7, 751
What are the prime factors of 738?
2, 3, 41
What are the prime factors of 45045?
3, 5, 7, 11, 13
What are the prime factors of 12653?
12653
List the prime factors of 76746.
2, 3, 12791
What are the prime factors of 11022?
2, 3, 11, 167
What are the prime factors of 1125?
3, 5
List the prime factors of 15320.
2, 5, 383
What are the prime factors of 5491?
17, 19
List the prime factors of 84.
2, 3, 7
List the prime factors of 1844.
2, 461
What are the prime factors of 6230?
2, 5, 7, 89
List the prime factors of 94625.
5, 757
What are the prime factors of 25293?
3, 8431
List the prime factors of 14198.
2, 31, 229
List the prime factors of 215.
5, 43
What are the prime factors of 1117?
1117
What are the prime factors of 249?
3, 83
What are the prime factors of 513?
3, 19
What are the prime factors of 4546?
2, 2273
List the prime factors of 62535.
3, 5, 11, 379
List the prime factors of 1518.
2, 3, 11, 23
What are the prime factors of 20325?
3, 5, 271
List the prime factors of 32439.
3, 11, 983
List the prime factors of 1813.
7, 37
List the prime factors of 42684.
2, 3, 3557
What are the prime factors of 2203?
2203
List the prime factors of 21609.
3, 7
List the prime factors of 39.
3, 13
What are the prime factors of 72019?
72019
List the prime factors of 550.
2, 5, 11
List the prime factors of 34123.
34123
List the prime factors of 3484.
2, 13, 67
What are the prime factors of 1858?
2, 929
List the prime factors of 19950.
2, 3, 5, 7, 19
List the prime factors of 10511.
23, 457
What are the prime factors of 776?
2, 97
List the prime factors of 1463.
7, 11, 19
What are the prime factors of 543?
3, 181
What are the prime factors of 69099?
3, 31, 743
List the prime factors of 11675.
5, 467
List the prime factors of 76662.
2, 3, 4259
What are the prime factors of 43841?
7, 6263
List the prime factors of 6897.
3, 11, 19
What are the prime factors of 2600?
2, 5, 13
What are the prime factors of 25416?
2, 3, 353
What are the prime factors of 2386?
2, 1193
What are the prime factors of 23168?
2, 181
List the prime factors of 26232.
2, 3, 1093
What are the prime factors of 25359?
3, 79, 107
What are the prime factors of 527?
17, 31
List the prime factors of 4198.
2, 2099
List the prime factors of 3152.
2, 197
List the prime factors of 394.
2, 197
What are the prime factors of 2014?
2, 19, 53
What are the prime factors of 28835?
5, 73, 79
List the prime factors of 70251.
3, 23417
List the prime factors of 14722.
2, 17, 433
What are the prime factors of 1485?
3, 5, 11
What are the prime factors of 2811?
3, 937
What are the prime factors of 1551?
3, 11, 47
What are the prime factors of 79770?
2, 3, 5, 2659
List the prime factors of 6081.
3, 2027
What are the prime factors of 367?
367
What are the prime factors of 12749?
11, 19, 61
List the prime factors of 1107.
3, 41
List the prime factors of 28091.
7, 4013
What are the prime factors of 58206?
2, 3, 89, 109
List the prime factors of 17174.
2, 31, 277
List the prime factors of 414.
2, 3, 23
What are the prime factors of 9643?
9643
What are the prime factors of 3948?
2, 3, 7, 47
List the prime factors of 4217.
4217
What are the prime factors of 219?
3, 73
What are the prime factors of 23249?
67, 347
List the prime factors of 46053.
3, 7, 17, 43
What are the prime factors of 757?
757
What are the prime factors of 554?
2, 277
What are the prime factors of 15908?
2, 41, 97
List the prime factors of 87586.
2, 43793
What are the prime factors of 7297?
7297
What are the prime factors of 11863?
11863
What are the prime factors of 1287?
3, 11, 13
What are the prime factors of 7844?
2, 37, 53
What are the prime factors of 391?
17, 23
What are the prime factors of 35812?
2, 7, 1279
List the prime factors of 13398.
2, 3, 7, 11, 29
List the prime factors of 1415.
5, 283
List the prime factors of 15585.
3, 5, 1039
List the prime factors of 160129.
47, 3407
What are the prime factors of 2182?
2, 1091
What are the prime factors of 1319?
1319
What are the prime factors of 12110?
2, 5, 7, 173
List the prime factors of 514.
2, 257
What are the prime factors of 2268?
2, 3, 7
List the prime factors of 13637.
13, 1049
List the prime factors of 69895.
5, 7, 1997
List the prime factors of 17567.
11, 1597
What are the prime factors of 12117?
3, 7, 577
What are the prime factors of 2467?
2467
List the prime factors of 2473.
2473
List the prime factors of 14208.
2, 3, 37
List the prime factors of 44582.
2, 22291
What are the prime factors of 23398?
2, 11699
List the prime factors of 88176.
2, 3, 11, 167
What are the prime factors of 16841?
11, 1531
What are the prime factors of 1682?
2, 29
List the prime factors of 69416.
2, 8677
What are the prime factors of 4792?
2, 599
What are the prime factors of 34081?
173, 197
List the prime factors of 4508.
2, 7, 23
What are the prime factors of 35869?
35869
List the prime factors of 653.
653
What are the prime factors of 3381?
3, 7, 23
What are the prime factors of 52289?
52289
What are the prime factors of 83?
83
List the prime factors of 496.
2, 31
List the prime factors of 36044.
2, 9011
What are the prime factors of 4533?
3, 1511
What are the prime factors of 470?
2, 5, 47
List the prime factors of 5371.
41, 131
List the prime factors of 2014.
2, 19, 53
List the prime factors of 7892.
2, 1973
List the prime factors of 1310.
2, 5, 131
List the prime factors of 1318.
2, 659
List the prime factors of 2702.
2, 7, 193
What are the prime factors of 134885?
5, 53, 509
What are the prime factors of 3476?
2, 11, 79
List the prime factors of 7118.
2, 3559
List the prime factors of 9571.
17, 563
List the prime factors of 8821.
8821
What are the prime factors of 1108?
2, 277
What are the prime factors of 3563?
7, 509
List the prime factors of 29062.
2, 11, 1321
What are the prime factors of 8927?
79, 113
What are the prime factors of 10063?
29, 347
What are the prime factors of 5267?
23, 229
What are the prime